{"id":88,"date":"2012-04-16T07:13:24","date_gmt":"2012-04-16T07:13:24","guid":{"rendered":"http:\/\/www.bonn-kocht.de\/?page_id=88"},"modified":"2012-08-27T19:51:57","modified_gmt":"2012-08-27T19:51:57","slug":"was-ist-bonn-kocht","status":"publish","type":"page","link":"http:\/\/www.bonn-kocht.de\/?page_id=88","title":{"rendered":"Die Idee"},"content":{"rendered":"<p><a href=\"http:\/\/www.bonn-kocht.de\/wp-content\/uploads\/2012\/04\/bonn-kocht-team.jpg\"><img decoding=\"async\" loading=\"lazy\" class=\"alignleft size-medium wp-image-707\" title=\"bonn-kocht-team\" src=\"http:\/\/www.bonn-kocht.de\/wp-content\/uploads\/2012\/04\/bonn-kocht-team-300x225.jpg\" alt=\"\" width=\"300\" height=\"225\" srcset=\"http:\/\/www.bonn-kocht.de\/wp-content\/uploads\/2012\/04\/bonn-kocht-team-300x225.jpg 300w, http:\/\/www.bonn-kocht.de\/wp-content\/uploads\/2012\/04\/bonn-kocht-team-400x300.jpg 400w, http:\/\/www.bonn-kocht.de\/wp-content\/uploads\/2012\/04\/bonn-kocht-team.jpg 640w\" sizes=\"(max-width: 300px) 100vw, 300px\" \/><\/a>Zugegeben, wir tun es selber gerne. Gemeinsam, aber auch mit anderen Freunden essen, trinken und genie\u00dfen wir. Und damit nicht genug. Genauso gerne reden wir \u00fcber Wein, \u00fcber Rezepte oder \u00fcber den ultimativen Restaurant-Tipp. Wir stecken im Urlaub gerne unsere Nase in fremder Leuts T\u00f6pfe. Nicht nur, aber auch, um zu Hause diese oder andere Geschm\u00e4cker nachzukochen. Eine Leidenschaft, die wir gerne teilen wollen, weil sie so interaktiv wie das Leben selbst ist. So wurde der Gedanke geboren, im Internet noch mehr Menschen als bisher an unserem kulinarischen Hobby teilhaben zu lassen. Dabei geht es nicht darum, eine Rezeptsammlung abzudrucken. Viel mehr wollen wir mit bonn-kocht.de Appetit\u00a0 anregen und zum Mitmachen oder Nachmachen animieren. Ideen und Erlebnisse, aber auch Tipps f\u00fcr uns und andere sind immer willkommen: Einfach eine Mail an <a href=\"mailto:info@bonn-kocht.de\">info@bonn-kocht.de<\/a> schicken.<\/p>\n<p>Die Website ist in verschiedene Kategorien angelegt, die sich langsam, aber sicher, f\u00fcllen werden. Nette Kommentare sind immer erw\u00fcnscht. Auch wenn sich vieles auf die Gegend von Bonn beziehen mag (irgendwas will der Titel der Seiten ja bedeuten): Gegessen wird \u00fcberall auf der Welt. Schon allein die Kategorie \u201ebonn verreist\u201c deutet an, dass es hinter dem Bonner Kottenforst oder dem Siebengebirge noch viel, viel weiter geht.<\/p>\n<p>Vielleicht k\u00f6nnen wir mit bonn-kocht.de ein wenig Eure Sinne anregen oder das Lesen macht Euch einfach nur Spa\u00df.<\/p>\n<p>Das w\u00fcnschen Sylvia Binner und Richard Bongartz<\/p>\n","protected":false},"excerpt":{"rendered":"<p>Zugegeben, wir tun es selber gerne. Gemeinsam, aber auch mit anderen Freunden essen, trinken und genie\u00dfen wir. Und damit nicht genug. Genauso gerne reden wir \u00fcber Wein, \u00fcber Rezepte oder \u00fcber den ultimativen Restaurant-Tipp. Wir stecken im Urlaub gerne unsere &hellip; <a href=\"http:\/\/www.bonn-kocht.de\/?page_id=88\">Weiterlesen <span class=\"meta-nav\">&rarr;<\/span><\/a><\/p>\n","protected":false},"author":1,"featured_media":0,"parent":30,"menu_order":1,"comment_status":"closed","ping_status":"closed","template":"","meta":{"_coblocks_attr":"","_coblocks_dimensions":"","_coblocks_responsive_height":"","_coblocks_accordion_ie_support":"","om_disable_all_campaigns":false,"_monsterinsights_skip_tracking":false,"_monsterinsights_sitenote_active":false,"_monsterinsights_sitenote_note":"","_monsterinsights_sitenote_category":0,"_s2mail":""},"aioseo_notices":[],"_links":{"self":[{"href":"http:\/\/www.bonn-kocht.de\/index.php?rest_route=\/wp\/v2\/pages\/88"}],"collection":[{"href":"http:\/\/www.bonn-kocht.de\/index.php?rest_route=\/wp\/v2\/pages"}],"about":[{"href":"http:\/\/www.bonn-kocht.de\/index.php?rest_route=\/wp\/v2\/types\/page"}],"author":[{"embeddable":true,"href":"http:\/\/www.bonn-kocht.de\/index.php?rest_route=\/wp\/v2\/users\/1"}],"replies":[{"embeddable":true,"href":"http:\/\/www.bonn-kocht.de\/index.php?rest_route=%2Fwp%2Fv2%2Fcomments&post=88"}],"version-history":[{"count":13,"href":"http:\/\/www.bonn-kocht.de\/index.php?rest_route=\/wp\/v2\/pages\/88\/revisions"}],"predecessor-version":[{"id":710,"href":"http:\/\/www.bonn-kocht.de\/index.php?rest_route=\/wp\/v2\/pages\/88\/revisions\/710"}],"up":[{"embeddable":true,"href":"http:\/\/www.bonn-kocht.de\/index.php?rest_route=\/wp\/v2\/pages\/30"}],"wp:attachment":[{"href":"http:\/\/www.bonn-kocht.de\/index.php?rest_route=%2Fwp%2Fv2%2Fmedia&parent=88"}],"curies":[{"name":"wp","href":"https:\/\/api.w.org\/{rel}","templated":true}]}}

<p><a href="http://www.bonn-kocht.de/wp-content/uploads/2012/04/bonn-kocht-team.jpg"><img decoding="async" loading="lazy" class="alignleft size-medium wp-image-707" title="bonn-kocht-team" src="http://www.bonn-kocht.de/wp-content/uploads/2012/04/bonn-kocht-team-300x225.jpg" alt="" width="300" height="225" srcset="http://www.bonn-kocht.de/wp-content/uploads/2012/04/bonn-kocht-team-300x225.jpg 300w, http://www.bonn-kocht.de/wp-content/uploads/2012/04/bonn-kocht-team-400x300.jpg 400w, http://www.bonn-kocht.de/wp-content/uploads/2012/04/bonn-kocht-team.jpg 640w" sizes="(max-width: 300px) 100vw, 300px" /></a>Zugegeben, wir tun es selber gerne. Gemeinsam, aber auch mit anderen Freunden essen, trinken und genießen wir. Und damit nicht genug. Genauso gerne reden wir über Wein, über Rezepte oder über den ultimativen Restaurant-Tipp. Wir stecken im Urlaub gerne unsere Nase in fremder Leuts Töpfe. Nicht nur, aber auch, um zu Hause diese oder andere Geschmäcker nachzukochen. Eine Leidenschaft, die wir gerne teilen wollen, weil sie so interaktiv wie das Leben selbst ist. So wurde der Gedanke geboren, im Internet noch mehr Menschen als bisher an unserem kulinarischen Hobby teilhaben zu lassen. Dabei geht es nicht darum, eine Rezeptsammlung abzudrucken. Viel mehr wollen wir mit bonn-kocht.de Appetit  anregen und zum Mitmachen oder Nachmachen animieren. Ideen und Erlebnisse, aber auch Tipps für uns und andere sind immer willkommen: Einfach eine Mail an <a href="mailto:info@bonn-kocht.de">info@bonn-kocht.de</a> schicken.</p>
<p>Die Website ist in verschiedene Kategorien angelegt, die sich langsam, aber sicher, füllen werden. Nette Kommentare sind immer erwünscht. Auch wenn sich vieles auf die Gegend von Bonn beziehen mag (irgendwas will der Titel der Seiten ja bedeuten): Gegessen wird überall auf der Welt. Schon allein die Kategorie „bonn verreist“ deutet an, dass es hinter dem Bonner Kottenforst oder dem Siebengebirge noch viel, viel weiter geht.</p>
<p>Vielleicht können wir mit bonn-kocht.de ein wenig Eure Sinne anregen oder das Lesen macht Euch einfach nur Spaß.</p>
<p>Das wünschen Sylvia Binner und Richard Bongartz</p>

<p>Zugegeben, wir tun es selber gerne. Gemeinsam, aber auch mit anderen Freunden essen, trinken und genießen wir. Und damit nicht genug. Genauso gerne reden wir über Wein, über Rezepte oder über den ultimativen Restaurant-Tipp. Wir stecken im Urlaub gerne unsere &hellip; <a href="http://www.bonn-kocht.de/?page_id=88">Weiterlesen <span class="meta-nav">&rarr;</span></a></p>
